).
3
Calculate 4 + 0 + 4 + -7.
1
What is the value of -2 - 1 - (1 - (-4 + 11))?
3
Calculate -3 + (19 - 11) + -8.
-3
What is the value of (6 - (-6 - -12)) + (1 - -1)?
2
What is the value of (0 - 4) + 3 + -17 + 10?
-8
0 + 7 - (-25 + 34)
-2
Calculate (1 - -3) + -12 + 14 + -8.
-2
Calculate -3 + (1 - -2 - 3) + 3.
0
Calculate (-1 - -5) + (-7 - -5 - 9).
-7
Evaluate (3 - (-3 - -3)) + -8.
-5
What is the value of -105 - -99 - (-16 + 1)?
9
What is the value of 4 - 9 - (-6 + -2)?
3
What is the value of 2 + (3 - -1) - (20 + -17)?
3
Calculate 6 + -1 + -15 + -15 + 23.
-2
What is -3 + 4 + 1 - 2?
0
1 - (6 + (-4 - 2))
1
What is the value of -21 + 17 - -10 - (-1 - -7)?
0
What is the value of 86 - 84 - (7 - 0)?
-5
Calculate -5 - 5 - (-5 + 3).
-8
(1 - 15) + (8 - 9 - -8)
-7
What is the value of -7 + (0 - -9) - 8?
-6
-327 - -326 - (1 - 1 - -7)
-8
Calculate 1 + -2 - (0 + -6).
5
What is the value of -9 + (-8 - -2 - -9)?
-6
Evaluate (-3 - (2 - 7 - -3)) + -3.
-4
What is the value of (2 - (-6 - (-12 + -1))) + -5?
-10
(-4 - (7 - 4)) + 7
0
What is the value of (6 - (0 - -1)) + 0?
5
(-14 - (-16 + 9)) + 9
2
Calculate -5 + (2 + 1 - (-3 + 1)).
0
Evaluate -3 + 1 + -5 - -4 - 0.
-3
What is the value of 3 - (2 + -8 + (3 - -1))?
5
What is the value of (1 - (4 + -7)) + -3 - 1?
0
What is the value of 4 + (0 + -2 - (9 - 9))?
2
What is the value of ((-8 - -4) + 1 - -1) + 1?
-1
4 - 0 - (11 - (1 + 4))
-2
What is the value of -13 - (-2 + -2 - (4 + -2))?
-7
What is -1 + 8 - (-16 - (12 - 32))?
3
1 + (6 - (4 - -2))
1
What is -6 + 1 - (11 - 24 - -4)?
4
Calculate -5 - (-3 - (5 - 7)).
-4
Evaluate (0 - 4) + 7 + (-24 - -24).
3
What is -2 - (-4 - (-11 - -5)) - 7?
-11
What is 0 - -1 - (32 - 30)?
-1
Calculate -3 + (-12 - -6) + 15.
6
What is (4 + 2 - 5 - -2) + -8?
-5
0 + ((5 - 4) + -2 - -4)
3
What is the value of 12 + -2 + 0 + -7?
3
What is 0 + -1 - 4 - (53 + -53)?
-5
What is the value of 2 + -7 + 4 + -3?
-4
What is -2 + (11 - (-8 - -19))?
-2
Calculate 4 + 5 + 0 + -5.
4
What is the value of (-7 - -8) + 0 - -3?
4
3 + -3 - (-5 - -1)
4
What is 7 + -2 + (-3 - (2 - 3))?
3
What is the value of 1 - -5 - (14 - 9)?
1
-6 - (-12 - 2) - (-3 - -3)
8
11 + -16 - (2 + -12)
5
8 + (-4 - -5) - (2 - -2)
5
What is the value of 395 + -400 + (7 - (1 - 2))?
3
Evaluate -7 - -9 - (0 - 1).
3
What is the value of -3 + 1 + 1 - 1?
-2
-10 + 8 + (0 - 3) - -3
-2
What is the value of -2 + (-7 + 10 - 0 - 8)?
-7
-29 + 31 - (3 + 0)
-1
What is the value of (15 - 18) + 4 + 1?
2
What is -1 + -7 + 0 - (-10 - -7)?
-5
-140 + 141 + -1 + 0 + 1
1
-6 - (-11 - (-9 + 2 + 5))
3
(-7 - (9 - (8 - 1))) + 1
-8
Evaluate 5 - (3 + -4 - -6).
0
7 + 10 + -7 + -8 + 8
10
What is the value of 8 + (-9 - -2) - -6?
7
Calculate -5 + (-5 + 0 - (5 - 10)).
-5
Calculate (5 + 0 - 3) + -2 + -2.
-2
4 + -2 + -3 - (-6 + 0)
5
Evaluate -4 + -6 + -2 - -19.
7
Calculate (-3 - -5) + 1 - 3.
0
Evaluate -1 + -1 + -4 + 4 + -2.
-4
What is the value of -18 + 13 + 22 + -10?
7
What is (0 - 9) + 6 - (0 - 3)?
0
Calculate -19 + 12 + -1 + 0.
-8
-1 + -1 + -5 + 12 + -7
-2
Calculate 7 + -3 + (0 - 1).
3
(0 - -5) + (-9 - -8) + -8
-4
What is the value of -2 + 0 + 7 + (237 - 246)?
-4
Evaluate -12 + 12 + (1 - (0 + 1)).
0
What is (3 - (-4 + 7 - 2)) + 0?
2
Evaluate 6 + (-10 - 0) + 5.
1
Evaluate -3 - -5 - (1 - 3).
4
Calculate -3 + (7 - 3) + 5 + -3.
3
What is the value of (-8 + 13 - 8) + 6?
3
What is the value of (4 - (6 + -2)) + 0?
0
Evaluate -1 + 3 - (-7 + 1) - -1.
9
Calculate -8 + (4 - 2 - -4).
-2
Evaluate -1 + 3 + (14 - 18) - 2.
-4
Evaluate 4 - -1 - -2 - 6.
1
Calculate (2 + -16 - -3) + 6.
-5
Evaluate 0 + 2 + -4 + 3.
1
Evaluate 0 + -2 + 2 - (-11 - -11).
0
Evaluate -9 + (-5 - -2) + 9.
-3
Calculate -5 + (5 - 0) - -4.
4
Calculate -13 + (-3 - -12) - (-8 - 0).
4
What is 1 - 0 - 3 - (1 - 8)?
5
What is the value of 4 + (-2 - 11) + 4 - 1?
-6
Calculate 6 + (8 - 9) + -6.
-1
-7 + 7 + -2 + (1 - -5)
4
Calculate 5 + (5 + -9 - -5) + 1.
7
3 + 6 + (-3 - 5)
1
Evaluate (-1 - (0 + (-3 - -1))) + 2.
3
Evaluate 1 + -1 + 13 + -15.
-2
Evaluate -3 - (-2 + 2) - (85 + -81).
-7
Evaluate -7 - (4 + -9 + 0).
-2
Evaluate 2 - 5 - 3 - -5.
-1
0 + -10 + (-3 - -10)
-3
Calculate (-3 - 1) + -5 + 3 + 2.
-4
Evaluate -8 - -4 - (-10 + 1).
5
What is the value of (0 - -4) + (-44 - -36) - 0?
-4
4 + (-3 - 0) + 0 + -2
-1
Evaluate 2 - 7 - (-80 + 71).
4
Evaluate 4 - (-2 - (-3 - 0)) - 4.
-1
What is the value of 7 + (-3 - -1) + -3?
2
What is the value of -2 + 1 - (-5 - (12 + -12))?
4
What is the value of -4 + (5 - (4 - (-7 + 3)))?
-7
What is the value of 13 + -7 - (-2 - (-15 + 1))?
-6
(0 + 10 - 2) + -7
1
Calculate (-4 - -9) + -1 - 5.
-1
Calculate 1 - (0 - (-4 + (2 - 1))).
-2
Evaluate 1 + 3 + (-9 - -9) - 1.
3
What is (1 - (-1 - -6)) + -4 + 4?
-4
What is -6 + (-34 - -42) + 1 + -1?
2
-3 + 2 - (-1 - 4)
4
Evaluate -2 + (-8 - -5 - (-1 + 0)).
-4
Evaluate (3 - 5) + 1 + 0 + -7.
-8
What is the value of -9 - (-7 - (8 + -3))?
3
What is -2 + 0 - (5 - (2 + 0))?
-5
What is (6 + 8 + -6 - 3) + 2?
7
What is the value of 0 - (3 + -8) - (-2 + 5)?
2
What is 1 + (3 - 5 - 0)?
-1
0 - -1 - (0 - (-2 - -2))
1
What is the value of -4 - ((0 - 4 - -6) + -4)?
-2
Calculate (-9 - 4 - -9) + -4 + -1.
-9
What is -12 - -6 - -10 - (3 + 7)?
-6
What is -1 + 0 - 0 - (16 - 14)?
-3
Evaluate (14 - 5 - 7) + -8.
-6
What is the value of 4 - 7 - (-3 - -8)?
-8
What is the value of 5 - (4 - (3 - 3))?
1
Calculate 1 + -2 + -1 - (-61 - -54).
5
Calculate -2 + 14 - 8 - 2.
2
What is -16 - (-8 - (-3 + 9))?
-2
What is 5 + (0 - 7 - -3)?
1
Evaluate -4 + (4 - ((0 - -1) + 1)).
-2
(-10 + 0 - -2) + 3 + 1
-4
What is -2 + 0 - -3 - (7 + -1)?
-5
6 + (-1 - 0) - (-311 + 323)
-7
What is the value of 3 - (-1 + -4 - -4)?
4
What is 3 - (8 - (-8 - -11))?
-2
What is the value of 2 - (3 + 0 - 1)?
0
What is the value of -39 + 46 - (0 - -6)?
1
Evaluate -6 + 11 - 1 - 9.
-5
5 + 0 + -1 + (9 - 9)
4
Calculate 3 + -2 + -3 - (3 - 4).
-1
What is -3 + 4 - (-1 - (-5 + 9))?
6
Calculate (-2 - 3) + 4 + -2 + -2.
-5
What is 5 + -3 - 1 - 4?
-3
Evaluate 2 + 5 + 7 + -18.
-4
Calculate 4 + -5 + (2 - -3).
4
Calculate -11 - ((8 - 6) + -7) - -7.
1
What is -5 - -7 - (2 + (0 - -2))?
-2
7 + -3 + -6 + (-1 - 0)
-3
What is -4 + -4 + (3 - -3)?
-2
What is the value of -3 + 4 + 5 + -5?
1
What is -6 + (10 + -4 + 0 - 8)?
-8
What is (2 - 4 - 9) + 2?
-9
What is (3 - (2 - -3)) + -4 - -11?
5
5 - (4 - (-2 - 4))
-5
Calculate 1 - (-8 + (-4 - -10)).
3
What is the value of (0 - 4 - -1) + -4 - -2?
-5
Calculate 7 - ((10 + -5 - -2) + -3).
3
What is 2 - ((2 - 5) + 1)?
4
What is the value of 1 + 0 - (9 + -3)?
-5
5 - (3 + 1 + 1 - 4)
4
Calculate (5 + -6 - (-1 + -1)) + 3.
4
What is the value of -3 + (-1 - 5) + 5?
-4
What is the value of -3 - (-8 + 7 - 3 - 1)?
2
Evaluate -1 - (-8 - ((-5 - 2) + 6)).
6
Calculate -21 + 18 + (1 - -5).
3
Evaluate 7 + 14 + -21 - (-1 - 3).
4
What is 9 + -18 - -8 - -8?
7
Calculate -2 - (-2 - 3) - 5.
-2
What is the value of -7 + (2 - 0) + 31 + -27?
-1
1 + -1 + -1 + 5 + -2
2
What is (-2 - (-7 + 1)) + (44 - 46)?
2
What is the value of 1 + 9 + 4 + -9 - 8?
-3
Calculate 3 + 2 + (-2 - 6) + 3.
0
What is the value of (-10 + 7 - -5) + -1 + 8?
9
What is (-7 - -1) + (18 - 18) - -5?
-1
What is (-2 - (-2 - (6 - 2))) + -4?
0
Evaluate -5 + -3 + 6 - (-6 - -1).
3
(0 - 0 - (-13 + 7)) + -6
0
(1 - (14 - (-2 - -9))) + -2
-8
15 + (-1 - 6) - 8
0
Evaluate 0 + -1 + -1 + 6 + -6.
-2
Calculate -3 + (0 - -4) - (-3 + 7).
-3
What is the value of -1 + 1 + -1 + -4?
-5
(24 - 23) + 0 + -6
-5
2 + (3 - 2) - -2
5
Evaluate (-8 - -9) + (4 - (3 - -3)).
-1
What is the value of -10 - (-2 + 6 + (-3 - 7))?
-4
What is the value of (1 - 4 - (-8 - -6)) + -4?
-5
Calculate 1 + 4 + 0 + 1 + 0.
6
Evaluate 8 - (1 + (9 - -5)).
-7
What is the value of -17 + 22 - (2 - 1)?
4
Calculate 12 + -8 - (1 - (13 - 7)).
9
Calculate 8 + 1 + -53 + 49.
5
(9 + -21 - -10) + -5
-7
Evaluate 5 + -6 + 10 + -7.
2
Calculate (-7 + 13 - 3 - 2) + -7.
-6
-8 + 8 + -1 + 4
3
Evaluate -1 + 2 + -9 + 4.
-4
2 + -10 - (-11 + 7)
-4
Calculate -8 - 7 - (-13 - -4).
-6
What is the value of -8 - (-7 + 2 - -1)?
-4
Calculate -2 - -1 - (-79 + 72).
6
What is -4 - ((2 - (-6 - -5)) + -5)?
-2
What is the value of -1 - (2 - 1 - -4)?
-6
What is -1 + 4 - (-40 - -49)?
-6
What is 0 + -8 + 7 + 7?
6
Evaluate (-3 - (-4 - -4)) + 6.
3
What is 8 + (7 - -1) + -18?
-2
17 + -20 + 7 + 1
5
Calculate 1 + -9 + -208 + 210.
-6
What is the value of (-1 - 7) + 42 + -36?
-2
Wha